+ 5*s = 38. What are the prime factors of y(w)?
2, 181
Let f be (-24)/8 - (3 + -342 + -3). Suppose 0 = -b + 3*u + f - 104, -4*b + 3*u + 949 = 0. List the prime factors of b.
2, 7, 17
List the prime factors of -4*(-7)/(-14)*4243/(-2).
4243
Suppose -2*z - 3*n = -38585, 4*n - 25499 - 32376 = -3*z. What are the prime factors of z?
5, 7, 19, 29
Suppose 4*h = l + 4*l - 2388, -5*l - 4*h + 2412 = 0. Let m = l + 21. What are the prime factors of m?
3, 167
Let r(a) = a**3 + 9*a**2 + 18*a + 7. Let t be r(-6). What are the prime factors of -6 - -1*(t - -158)?
3, 53
Let r be ((-21)/9)/((-1)/12). Let k be 10137/124 + ((-6)/8 - -1) + 0. Let p = k - r. What are the prime factors of p?
2, 3
Suppose 170393 = 7*z - 7792. What are the prime factors of z?
3, 5, 1697
Let l(f) = 49*f**2. Let u be l(-1). Suppose h - 35 = u. Suppose 256 = 5*k + 3*y - 98, -k = 5*y - h. List the prime factors of k.
3, 23
Let g(a) = -3*a**3 - 2*a**2 + 12*a + 37. Let q(r) = -5*r**3 - 2*r + 1. Let o be q(1). What are the prime factors of g(o)?
541
Let j(v) = -v**3 + 36*v**2 - v + 40. Let c be j(36). Suppose 0*z - 4873 = -c*z + 5*s, 0 = -2*z - s + 2447. List the prime factors of z.
2, 13, 47
Suppose 81*a - 290008 = 381468 - 130963. What are the prime factors of a?
6673
Let h = -18 + -20. Let g = h - -32. Let n(s) = -s**3 + s**2 + 9*s - 7. List the prime factors of n(g).
191
Let r(s) = 67*s**2 + 51*s - 665. List the prime factors of r(16).
11, 13
Suppose 15*t - 860385 = -25*t - t. List the prime factors of t.
3, 5, 1399
Suppose -2*j + 6651 = 1451*y - 1454*y, -4*j + 2*y + 13290 = 0. What are the prime factors of j?
3, 41
Let x be (-87)/5 - (-2)/5. Let k = x + 48. Let s = -10 + k. List the prime factors of s.
3, 7
Let o be (2/(-4))/(7/59724). What are the prime factors of (o/12)/(6*(-3)/24)?
2, 3, 79
Suppose 2*r = -4*r + 17368 + 30644. What are the prime factors of r?
2, 4001
Suppose -40 = 4*x + 60. Let h(i) = -28*i - 46. Let p be h(-5). Let l = p - x. What are the prime factors of l?
7, 17
Suppose 0 = 3*g - 4*y - 47360, 5*g - 48*y + 50*y = 78942. List the prime factors of g.
2, 3947
Let b = -4595 + 4576. Let d = -184 - -274. Let t = d + b. List the prime factors of t.
71
Let z be 5/(510/22044) + (-4)/34. Suppose -3*q = -1365 - z. List the prime factors of q.
17, 31
Let x be (-14)/(-4) + 11/(-22). Suppose 0 = x*l - 4*l + 5. Suppose 0 = -2*z - l*f + 28 + 85, 3*z - 2*f - 160 = 0. What are the prime factors of z?
2, 3
Suppose 6*k - 7*k + 1271 = -1282. List the prime factors of k.
3, 23, 37
Let d = 823 + -820. Suppose -c = -2*c. Suppose f + n = 53, c*n + 194 = d*f - 4*n. List the prime factors of f.
2, 29
Suppose 5*s = -4*a + 10 + 14, -2*a + 2 = 5*s. Suppose -19*r + 2600 = -a*r. List the prime factors of r.
5, 13
Let m = 87 + -51. Let g = 150 - m. What are the prime factors of g?
2, 3, 19
Suppose 0 = 3*p + 2*w - 16369, -p + 6774 = -5*w + 1295. List the prime factors of p.
53, 103
Let y be 1506/(-4) - (0 - 1/2). Let m be (-2)/(-3) - (-3 + y/12). Let x = m + 83. What are the prime factors of x?
2, 59
Let b(x) = -5*x - 75. Let p be b(-16). Suppose p*n = -0*n + 130. What are the prime factors of n?
2, 13
What are the prime factors of (10 - 11 - -2)*107?
107
Suppose -5*f + 122589 = -4*i, -125*i = f - 129*i - 24505. List the prime factors of f.
7, 31, 113
Let l be (1 - -5) + 1245 + 29. Let s be (3 + -1)*(-2)/(-1). Suppose s*y - 14*y + l = 0. List the prime factors of y.
2
Suppose 0*d - 526 = -2*d + 2*v, 779 = 3*d + 2*v. Suppose 6*y = b + 10*y + 195, 5*b = -4*y - 927. Let i = b + d. What are the prime factors of i?
2, 3, 13
Let m be (150/20*6/9)/1. Suppose 4*d = 2*d + m*k + 1050, -5*k = -5*d + 2595. What are the prime factors of d?
5, 103
Suppose 3*v + 17843 = -266*t + 267*t, -t - v + 17859 = 0. List the prime factors of t.
5, 3571
Let k = 4918 + 3402. List the prime factors of k/22 + 0 + 2/(-11).
2, 3, 7
Let o = -59 - -67. Let r be (-2 - (-1908)/16) + (-2)/o. Suppose r = 2*j + 31. What are the prime factors of j?
43
Let g be (6/15)/(8/14600). Let y be 0/(-1 + 5) - g/2. Let u = -174 - y. List the prime factors of u.
191
Suppose -9*d = 18 - 45. What are the prime factors of (333 - (d + -5)) + 8?
7
Let k = -102 + 70. What are the prime factors of (-88*3)/(24/k)?
2, 11
Suppose 0 = -3*j - 5*r + 82, 4 = -0*j + j - 3*r. Suppose 2*w + 9 + j = 0. List the prime factors of w*(-3 + (-1 - 14/4)).
3, 5, 7
Let g = 8980 - -20411. What are the prime factors of g?
3, 97, 101
Let v be 8/(-36) - 29/(-9). List the prime factors of (-21)/v*2556/(-42).
2, 3, 71
Let u = -10784 - -24666. List the prime factors of u.
2, 11, 631
Let f = -1860 + 3504. Suppose -17*i + f = -13*i. What are the prime factors of i?
3, 137
Let x = 0 + 4. Suppose 0 = -z - y - 3, 2*z - 14 = -6*y + 8*y. Suppose 80 = x*q - 2*n - 196, 142 = z*q + n. What are the prime factors of q?
2, 5, 7
Let c be -2 + -8 + 3*(-18)/(-27). Let x(o) be the second derivative of -o**5/20 - o**4/2 + o**3 + 15*o**2/2 + 2*o. List the prime factors of x(c).
5, 19
Suppose -5*s - 42120 = -25*s. Suppose -5*g + 12 = 32, -2*i = -g - s. List the prime factors of i.
1051
Suppose -12*x + 7542 = t - 14*x, -x - 7547 = -t. What are the prime factors of t?
2, 59
Suppose -995*a + 956*a + 570414 = 0. What are the prime factors of a?
2, 71, 103
Suppose -4*b - 4*c + 609 + 479 = 0, -5*b = -c - 1390. Suppose 2*r + 48 = 4*y - 336, 0 = -3*y - 4*r + b. List the prime factors of y.
5, 19
Let h(c) = -70*c**2 - 20*c - 100. Let u(z) = -47*z**2 - 13*z - 66. Let j(k) = -5*h(k) + 7*u(k). List the prime factors of j(-7).
2, 251
Let v = -10 - -16. Let f(s) = 3*s**3 - s**2 - s - 1. Let h(l) = -5*l**3 + l**2 + l + 10. Let q(j) = 2*f(j) + h(j). What are the prime factors of q(v)?
2, 7, 13
Suppose 18*p + 83979 = 256383. Suppose -7294 = -12*q + p. List the prime factors of q.
2, 19, 37
Suppose b + 428 = 4*k - 2280, 0 = 3*b - 12. Let z = 1133 - k. What are the prime factors of z?
5, 7, 13
Let x(r) = -4*r + 16. Let g be x(3). Suppose 4*t - g*j = -60, 5*t + 2*j - j = -45. What are the prime factors of ((-24)/t)/(18/660)?
2, 11
Suppose 0 = -c + 5, 0 = -0*v + 2*v + 3*c - 31. Suppose -36 = -b - 2*b. Suppose 92 = -v*y + b*y. What are the prime factors of y?
23
Let d be 16/10 + -2 - 306/10. Let s(p) = p**2 + 19*p + 8. List the prime factors of s(d).
2, 5, 19
Let z(i) = 2*i + 41. Let a = -58 + 40. Let q be z(a). Suppose 0 = q*f - 2*f - 33. List the prime factors of f.
11
Let h = 1635 + -2558. Let p = 1614 + h. What are the prime factors of p?
691
Let k(u) = -u**2 + 4*u. Let f(n) = n**3 + 13*n**2 + 13*n + 17. Let d be f(-12). Let j be k(d). Let o(z) = 3*z**2 + 3*z - 6. List the prime factors of o(j).
2, 3
Suppose 15227 + 17845 = 13*a. List the prime factors of a.
2, 3, 53
Let l(o) = -2*o**2 - 45*o. Let s be l(-17). Let b = 970 - s. What are the prime factors of b?
3, 29
Let o = 16 + -17. Let k be o/(2/14)*-1. Let h = 7 + k. List the prime factors of h.
2, 7
Let a = 3882 - 2658. Suppose -105*t + 99*t = -a. What are the prime factors of t?
2, 3, 17
Let n(j) = j**3 + 5*j**2 + 6*j + 20. Let z be (42/112 - 2/16)*28. List the prime factors of n(z).
2, 5, 13
Suppose -5*j + 73 = 18. Let w = j - -249. What are the prime factors of w?
2, 5, 13
Let y be 24 - (0 + 0)/(-1 - 1). Suppose 0 = y*r - 20*r - 20. What are the prime factors of 12/15 + 356/r?
2, 3
Suppose -7*g + 42371 = -5*w, 0 = 4*g - 3*w - 16794 - 7419. What are the prime factors of g?
2, 3, 7
Suppose -41*r = -33*r - 5304. Suppose r - 61 = 7*s. What are the prime factors of s?
2, 43
Let x(d) = -d**3 + 5*d**2 + 10*d + 3. Let g be x(7). Let r = -21 - g. Suppose t + 273 = -0*b + r*b, -5*b - 3*t = -337. List the prime factors of b.
2, 17
Suppose 35*y - 30*y + 1065 = 0. Let d = y + 334. Suppose 0 = -7*o - d + 1703. List the prime factors of o.
2, 113
Suppose 3*b - 6 = -2*n, 3*b + 3*n = 7*b - 8. Suppose 211 = b*w + 3*k, 0 = 2*w + k + k - 214. List the prime factors of w.
2, 5, 11
Suppose 81*d - 84*d - 497952 = -45*d. What are the prime factors of d?
2, 3, 13, 19
Let n(s) = 0*s + 198*s**2 - 6*s - 199*s**2 - 7. Let j be n(-3). Suppose -j*w + 34 = -64. List the prime factors of w.
7
Let s(z) = -10*z + 22. Let t = 60 + -8. Let y be 4 + t/(-3 - 1). List the prime factors of s(y).
2, 7
Suppose 0 = -4*f + 36*f + 384. What are the prime factors of (-11548)/f + (-8)/6?
31
Suppose -i + 19